uppose -1 = -g*w + 24. Calculate the greatest common divisor of 2 and w.
1
Let t(j) = -j**3 - 4*j**2 + j + 4. Let p be t(-4). Suppose p*o - 3 = -3*o. Let v be 24 - 0 - 0/o. What is the highest common factor of 16 and v?
8
Let u(x) = x - 1. Let p be u(3). Suppose p*t = -3*t + 15. What is the greatest common divisor of t and 3?
3
Let n = -170 + 174. Calculate the greatest common divisor of n and 10.
2
Let m(y) = 4*y**2 - 4*y - 2. Let v = -3 + 0. Let h be m(v). Calculate the greatest common divisor of h and 115.
23
Let w(l) = l**2 + 5*l - 1. Let n be w(-8). Let p = -20 + 89. What is the highest common factor of n and p?
23
Let j be (-2 - -1)*-1*1. Let z be -1 + -8 + 0 + -3. Let t = z + 15. What is the greatest common factor of t and j?
1
Suppose -3*i + 70 = 4*i. What is the highest common factor of 10 and i?
10
Let a be 4/6 - 160/(-12). Suppose 51 = p - 4*f, f - 8 = -3*f. Suppose -2*r = 3*o - p - 119, 0 = o - 3*r - 41. What is the greatest common divisor of o and a?
14
Let n(g) = -12*g - 3. Let o be n(-5). Let c be 0/(3 - 4 - 0). Suppose -3*h + o = -c*h. Calculate the greatest common divisor of h and 209.
19
Let s(x) = 4*x**3 - 3*x**2 + x + 2. Let m be s(2). Calculate the greatest common divisor of m and 24.
24
Let s = 2 - -4. Suppose 300 = s*x - x. What is the greatest common divisor of 12 and x?
12
Suppose -i - 47 = -z - 0*i, 0 = -3*z - 2*i + 166. Suppose 0*j = 4*j - z. Calculate the highest common divisor of j and 91.
13
Let j(b) = -b - 6. Let v be j(-6). Suppose 3*d + 5*s - 36 = v, -5*d + 32 = -3*s - 28. What is the highest common factor of d and 30?
6
Suppose 0*m = -3*v - 3*m + 63, 25 = v + 3*m. Let u = -4 + v. What is the greatest common factor of u and 30?
15
Let y = 62 - 33. Calculate the greatest common factor of y and 203.
29
Let s be (2 - -1)/((-1)/(-26)). Let m = -38 + s. Calculate the greatest common divisor of m and 100.
20
Let a(o) = -o + 12. Let k be a(7). Suppose -50 = -3*f + b, k*f + 2*b - 76 = -0*b. Calculate the greatest common divisor of 80 and f.
16
Let y(a) = a**2 + 11. Let g be y(5). Calculate the highest common factor of 36 and g.
36
Suppose -290 = 10*u - 15*u. Calculate the highest common factor of 29 and u.
29
Suppose 2*l + 5 = -3*m, l + 10 = -8*m + 4*m. Suppose 6 = a + l*u, -2*a - u + 7 + 20 = 0. What is the greatest common divisor of a and 80?
16
Let c = -1 + 16. Calculate the greatest common factor of 60 and c.
15
Let n = 17 - 10. Suppose -3*d = 5*z - 200, 5*z + 284 = 4*d + 3*z. What is the greatest common factor of d and n?
7
Let p be (-1)/4*136/(-2). Calculate the highest common factor of p and 119.
17
Let j = 55 - 31. Calculate the greatest common factor of 192 and j.
24
Suppose -81 = -3*f + 30. Let j = -15 + f. What is the highest common divisor of j and 22?
22
Let p(n) = -n**2 - 9*n + 2. Let f be p(-6). Let m = 34 - f. Let v = m - 2. Calculate the greatest common factor of 12 and v.
12
Let c be ((-7)/(-14))/((-1)/(-14)). Suppose 7*v + 74 = 2*w + 3*v, 0 = 5*v + 5. Calculate the highest common divisor of w and c.
7
Let i(y) = -2*y**3 + 3*y + 5. Let f be i(-4). Let z = 89 - 42. Suppose -4*t + z = o, -2*t + 48 - 11 = 5*o. Calculate the greatest common factor of t and f.
11
Suppose 5*c + 25 = 3*z, 5*z = 2*z + 3*c + 15. Let d be (111 - -3)/(2 + z). What is the greatest common factor of 38 and d?
19
Suppose -5*p + 45 = -275. Let c be -2 - -2 - -3 - 0. Suppose d + 0*b - p = 4*b, 148 = c*d - b. What is the highest common divisor of 32 and d?
16
Let x be ((-6)/2)/((-2)/14). Let i(o) = -8*o. Let b(j) = 8*j + 1. Let l(r) = -2*b(r) - 3*i(r). Let a be l(2). Calculate the highest common factor of x and a.
7
Let c = 55 - -20. What is the greatest common divisor of c and 30?
15
Let i be (-10)/(-2)*3/5. Suppose 36 - 108 = -i*l. Let k = 78 + -42. Calculate the greatest common divisor of l and k.
12
Suppose 3 = 4*s - 1. Calculate the greatest common factor of 7 and s.
1
Let r = 4 - -31. Calculate the highest common factor of 5 and r.
5
Suppose l + 4*d - 100 + 1 = 0, -2*l - 4*d + 190 = 0. Calculate the greatest common divisor of l and 13.
13
Let s be 1/(2/(2 - -2)). Suppose s*f = 7*f. Suppose 0 = -5*y - r + 57 - 10, y + r - 11 = f. Calculate the highest common divisor of y and 81.
9
Let u = 105 - 80. Calculate the highest common factor of u and 50.
25
Let z be 4/6 - 1*(-870)/18. Suppose -c + 3*y - 8 = 0, y - 8 = -4*c + 5*y. Calculate the greatest common factor of c and z.
7
Suppose 5*f + 5*v = 135, f + 2*v = -3*f + 98. Calculate the highest common divisor of f and 198.
22
Let h be 2 + (-11)/(-2)*2. Suppose h = a + 1. What is the highest common divisor of a and 8?
4
Let p be (-2)/(-3) + (-13)/(-3). Let b = p + -2. Suppose -v - 2*l + 48 = 3*v, b*v = 4*l + 36. Calculate the greatest common factor of v and 30.
6
Let v be (-2)/(-9) - (-100)/36. What is the highest common divisor of 27 and v?
3
Suppose 0 = 4*z - 5 - 7. Suppose 0 = -z*w + 8*w - 180. What is the highest common divisor of 6 and w?
6
Suppose v + 146 - 548 = 4*d, -515 = 5*d + 5*v. Let l be (-1)/(-1) - 0 - d. Let c = l - 47. What is the greatest common factor of 5 and c?
5
Let i = 24 - 21. Suppose 3*y - 42 = -3*o, i*o - 4*y + 6 = 41. What is the highest common factor of 117 and o?
13
Let t = 53 + -16. Let w = 88 - 63. Let k = t - w. What is the highest common divisor of k and 6?
6
Let h be (48/14)/((-3)/(-42)). Calculate the highest common factor of 16 and h.
16
Suppose -r = 2*r - 5*d - 60, 3*r = -4*d + 60. Suppose 0 = -3*v + 5*o + 190, -4*o - o + 110 = 2*v. What is the highest common divisor of v and r?
20
Let q(u) = -u**3 + 6*u**2 + 6*u + 15. Let k be q(7). Calculate the highest common divisor of k and 4.
4
Let g = -51 - -78. Calculate the highest common divisor of 243 and g.
27
Suppose -3*p + 28 = -p. Suppose m = 4*o - 15, 4*o - 5 - 1 = -2*m. Suppose 1 + o = 2*z. Calculate the highest common divisor of p and z.
2
Let l be 6*(32/6)/4. Let v be l/36 + 2572/9. Calculate the highest common factor of v and 26.
26
Suppose 3*i + 0*i = 9. Let y be (2/i)/((-2)/(-3)). Let q = 4 + y. What is the greatest common divisor of q and 5?
5
Suppose 3*w + 13 - 72 = 5*l, 4*l = -w - 3. Calculate the greatest common divisor of w and 39.
13
Let z(q) = -7*q - 4. Let i be z(-3). Let k be ((-3)/2)/(9/(-918)). Calculate the highest common divisor of i and k.
17
Suppose -5*d + 618 = -3*w, 5*d + w = -w + 613. What is the highest common factor of d and 41?
41
Let t be 1/(-3) + 2/(-3). Let k = t - -17. Suppose 4*y - 5 = 3. What is the highest common factor of k and y?
2
Let f be (-760)/(-14) - (-4)/(-14). Suppose v = -2*n - 2*v - 5, 2*n = -v + 5. Let l = 1 + n. Calculate the greatest common divisor of f and l.
6
Let t be 8/((-22)/(-6) + -3). Let s(j) = 2*j + 10. Suppose -2*w = -w - 7. Let d be s(w). Calculate the highest common divisor of t and d.
12
Suppose t - r - 187 = 60, 4*r = 3*t - 743. Calculate the highest common divisor of t and 35.
35
Let f be (486/(-42) - -5)*(2 + -9). What is the highest common divisor of f and 69?
23
Let d be (-148)/(-6) - 2/3. Let y be 222/24 - 2/8. Let t be (y/(-6) + 1)*-6. Calculate the highest common factor of d and t.
3
Let i(z) = -3*z**3 - z**2 + z + 1. Let h be i(-1). What is the greatest common factor of 1 and h?
1
Let n be (4*1)/((-8)/(-12)). Let d be 236/n - 14/(-21). Calculate the highest common divisor of 5 and d.
5
Suppose -2*p - 3*v = -314, -p - 4*v + 43 = -119. What is the greatest common divisor of p and 22?
22
Suppose -5*h + 61 - 56 = 0. Calculate the highest common factor of h and 5.
1
Suppose -4*n = 3*q - 18 - 55, 0 = 2*q - 6. Calculate the highest common divisor of n and 144.
16
Let d(p) = p**3 - 4*p**2 - 5*p + 1. Let y be d(5). Suppose 2*g - y = 3. What is the greatest common divisor of g and 14?
2
Let u be (-3)/2 + (-9)/(-6). Suppose 3*b + h + 7 = 4*b, u = -5*b + h + 23. Calculate the highest common factor of 2 and b.
2
Let t be 16 + -7 + 1 + 1. Calculate the highest common factor of t and 99.
11
Let b(k) = -k**3 - 2*k**2 - k. Let j be b(-5). Let v be (48/5)/(12/j). What is the greatest common factor of 16 and v?
16
Let m(k) = k + 16. Let o be m(-15). Let w = -4 - -9. What is the highest common factor of o and w?
1
Suppose -2*y - 48 = -10*y. Let s = 71 - 29. Calculate the highest common divisor of s and y.
6
Let g = 3 - -1. What is the highest common